(-18)/(-93801)) is divided by 22?
19
Let g(p) = 26*p**3 - 42*p**2 + 42*p + 16. Calculate the remainder when g(6) is divided by 7.
4
Suppose 12*c = 10*c. Suppose c = 4*a + 2*r - 162, -3*a - r = -124 + 1. Calculate the remainder when a is divided by 9.
6
Suppose -250 = -2*i + 7*i. Let l = 12 + i. What is the remainder when (-1805)/l*(-8)/(-5) is divided by 13?
11
What is the remainder when ((-530)/25)/((44/(-55))/4) is divided by 19?
11
Let r be (-2)/7 - (-4 + (-35)/(-49)). Let i(s) = 0*s**2 + 17*s**3 + 9*s**2 - 18*s**r + 14*s. What is the remainder when 199 is divided by i(10)?
39
Suppose 0 = -44*o + 15982 + 32990. What is the remainder when o is divided by 319?
156
Let s = 44 - 1. Suppose -5*g + 37 = -4*p, s = 5*g - 3*p + 2*p. Calculate the remainder when 24 is divided by g.
6
Suppose 0 = 2*t - 0. Suppose 0 = 4*a - t. Suppose 2*k - 6*k + 48 = a. Calculate the remainder when 57 is divided by k.
9
Suppose -2*c + 27 = -113. Let d = 2101 + -2042. What is the remainder when c is divided by d?
11
Let l = 0 - -30. Suppose 9*h - 6*h - 20 = -z, -h = 2*z - l. Let g = z + 34. What is the remainder when 239 is divided by g?
47
Let j = 317 + -312. Suppose -85 + 115 = j*u. Calculate the remainder when 21 is divided by u.
3
Let b(a) = -a**2 + 2*a + 570. What is the remainder when b(0) is divided by 141?
6
Calculate the remainder when 6955 is divided by (5 - (-24)/(-6)) + 1 + 6.
3
What is the remainder when 130 is divided by -7 - -5*(-5 + 13)?
31
Let q = 8 - -65. Let h = 129 - q. Suppose 4*y = 4*f + h, 3*y - f = 28 + 14. Calculate the remainder when 41 is divided by y.
13
Suppose 5*i + 0*i - 590 = 0. Let g = i - 73. Suppose 6*t - 68 = 2*t. What is the remainder when g is divided by t?
11
Let x = 6733 + -6667. What is the remainder when 230 is divided by x?
32
Let i = 9781 - 9635. What is the remainder when i is divided by 118?
28
Suppose 5*l - 7*l = -48. Calculate the remainder when 3789 is divided by l.
21
Suppose 393674 = 86*f - 287446. What is the remainder when f is divided by 57?
54
Calculate the remainder when 347 is divided by (-30)/27 - 19/(-1026)*5514.
44
Let j = 104 + -93. Let y(d) = d + 51. What is the remainder when y(j) is divided by 21?
20
Let n(z) = -z**3 - 16*z**2 - 64*z - 38. What is the remainder when n(-13) is divided by 32?
31
Let g(b) = 11*b - 147. What is the remainder when 2248/15 + (-8)/(-60) is divided by g(18)?
48
Suppose 45943*u - 45986*u = -9976. What is the remainder when 992 is divided by u?
64
Let r(t) = 22*t**2 + 3*t - 1. What is the remainder when ((-8)/16*2)/((-2)/236) is divided by r(-1)?
10
Suppose -2*n - 176 = 2*n. Let t = n + 52. What is the remainder when 374/t - (-1)/4 is divided by 12?
11
Suppose -2*n + 4*n = 256. Let v = -1551 - -1584. Calculate the remainder when n is divided by v.
29
Let h(j) = 726*j**2 + 46*j - 45. What is the remainder when h(1) is divided by 222?
61
Suppose -23*j + 6080 = 53*j. What is the remainder when j is divided by 18?
8
Suppose -4*n = -4*n - 14*n + 322. What is the remainder when 7037 is divided by n?
22
Suppose 3*w - 28 - 2 = 0. Let l = w + 13. Suppose -6*y + 4 = 2*v - 3*y, l = 3*v - 4*y. What is the remainder when 7 is divided by v?
2
Let i = 26083 - 21926. What is the remainder when i is divided by 160?
157
Suppose -1144*q + 1107*q = -31524. What is the remainder when q is divided by 217?
201
Let n(y) = -206*y - 1153. Calculate the remainder when 1075 is divided by n(-6).
79
Suppose 4*j + 5*d - 2813 = 0, 3*d = 4 - 13. Calculate the remainder when 732 is divided by j.
25
Let p(q) = -2*q**3 + 11*q**2 + q + 2. Let d be p(5). Suppose d*o - 281 = 31*o. Calculate the remainder when o is divided by 2.
1
Let y = -5888 + 6041. What is the remainder when 452 is divided by y?
146
Let c(k) = 4*k**3 - 4*k**2 + 8*k - 6. Let d be c(4). Suppose -4*s + d = 2*g + 80, s + 2*g = 30. What is the remainder when s is divided by 19?
17
Suppose 2*z = 4*m - 630, 5*m - 10*z + 5*z = 790. What is the remainder when m is divided by (-5139)/(-63) + (-3)/(-7)?
75
Let g(t) = -t**2 - 31*t + 31. Let i be g(-10). Let o = 260 - i. Calculate the remainder when 226 is divided by o.
17
Suppose 5*c = 7 - 17, 1549 = 5*t + 3*c. Calculate the remainder when t is divided by 35.
31
Let t(p) = -p**2 + 29*p + 52. Calculate the remainder when 8630 is divided by t(29).
50
Let s be (0 + 4*5)/((-2)/(-16)). Let z = -115 + s. What is the remainder when z is divided by 23?
22
Let j = -12562 + 16173. Calculate the remainder when j is divided by 28.
27
Let g be (-1)/(((-4)/(-18))/(2/3)). Let b be (1/(-1))/1 + g/(-3). Calculate the remainder when 114 is divided by (b + -1)/(1/(-29)).
27
Let g be (-2 - 67/6) + 3/18. What is the remainder when (100/35)/((-4)/(-14)) is divided by (-4)/20 + (-8)/20*g?
0
Suppose -12 = -y - 5*z, -184 = -4*y - 217*z + 214*z. Calculate the remainder when 5457 is divided by y.
49
Suppose -4*f - 83 = -5*g - 422, -2*g - 394 = -5*f. What is the remainder when 157 is divided by f?
5
Let v(t) = 2*t**2 + 6*t + 1. Let g(b) = b**3 - 2*b - 36. Let m be g(0). Let h be 3*39/m - 6/8. Calculate the remainder when 106 is divided by v(h).
7
Suppose 0 = -w + 1 + 3. What is the remainder when w is divided by 2 - -1 - 0/28*(2 - 3)?
1
Let s(w) = 14*w - 43. Let n be s(2). Let d(k) = -9*k - 56. What is the remainder when d(n) is divided by 27?
25
Suppose 66 - 450 = -3*o - 5*q, 4*q - 520 = -4*o. Calculate the remainder when o is divided by 33.
1
Let y(c) be the third derivative of 4*c**5/15 - c**4/8 - c**3/3 + 52*c**2. Calculate the remainder when 185 is divided by y(-1).
15
Let p(y) be the second derivative of y**5/20 - 3*y**4/4 - 83*y**2/2 + 174*y. What is the remainder when 82 is divided by p(10)?
14
Let l(q) = q**2 - q - 3. Calculate the remainder when (-13 - (-259)/21) + 584/3 is divided by l(-6).
38
Let j(p) = p**3 + 4*p**2 - 16*p + 4. Calculate the remainder when 1179 is divided by j(-5).
58
Let h = 314 - 278. Suppose 2*g = -p + h, -3*p + 75 = 3*g + 27. Calculate the remainder when 34 is divided by g.
14
Let i = -4491 + 4622. What is the remainder when i is divided by 42?
5
Let x = 220 + -156. Suppose b = -5*h - 0*b + 104, 0 = 3*h - b - x. What is the remainder when 142 is divided by h?
16
Suppose -786 - 837 = -4*m + 3*z, 3*m - 1227 = -z. What is the remainder when m is divided by 18?
12
What is the remainder when -2*(-6 + 6 + -11) is divided by 7?
1
Suppose -9909 + 2461 = -7*x. Let k(i) = -i**2 + 26*i - 56. Calculate the remainder when x is divided by k(23).
11
Let f = -43 - -93. Let m = 101 + -65. Suppose -m = -29*g + 27*g. What is the remainder when f is divided by g?
14
Suppose 0 = -x + 3*n + 18, 4*n = x + 4*x - 57. Suppose -160*d - 5 = -161*d. What is the remainder when x is divided by d?
4
Suppose 11569 + 37059 = 195*b + 658. Calculate the remainder when 476 is divided by b.
230
Let n = 737 - 616. What is the remainder when n is divided by 46?
29
Suppose 0 = -2*w + 9 + 21. Let p(v) = v**3 - 34*v**2 + 28*v + 1155. Calculate the remainder when w is divided by p(32).
0
Let l = -10 - 209. Let c = -211 - l. Suppose -6*p = -p - u - 131, -2*p + 47 = 5*u. What is the remainder when p is divided by c?
2
Let a be ((-36)/(-16) - 2) + (-775)/(-20). Suppose -3*s + 55 = 4*p, 5 = 3*p + 5*s - a. Let z = 46 + -24. Calculate the remainder when z is divided by p.
9
Suppose -2*l = 4*n - 232, 46*n = l + 42*n - 104. Suppose 1029 = -105*x + l*x. Let i(p) = p**3 + 7*p**2 - 6. What is the remainder when x is divided by i(-6)?
27
Let c(j) = -4*j + 282. Let p be c(69). Let r = 210 - 132. Suppose 6 + r = p*z. Calculate the remainder when 53 is divided by z.
11
Suppose 1365 = -5828*n + 5863*n. Let p(j) = -18*j - 6. Calculate the remainder when p(-4) is divided by n.
27
Let c(l) = 8*l**3 - 17*l**2 - 2*l + 5. Suppose -4*a + 60 = -28. What is the remainder when c(3) is divided by a?
18
Let d be (8/(-1) + 8)/1. Suppose -9*r + 371 - 326 = d. What is the remainder when 149 is divided by r?
4
Let t = -2737 + 2771. Let r(g) = g**2 + 6*g + 9. Calculate the remainder when t is divided by r(-6).
7
Let d = 59 + -107. Let o be 2/8 - 6/(d/830). Suppose 12*i = 8*i + o. What is the remainder when i is divided by 14?
12
Let r(c) = -3*c - 35. Let i be r(-14). Suppose 368 - 1887 = -i*g. What is the remainder when g is divided by 22?
19
Suppose -2*h - t - 19 = -4*h, -5*t 